3 - 12*p**2 + p + 6. Suppose -6*b + 4*b + 14 = 0. Suppose 0*u - b = u. Let l(a) = -a**3 - 4*a**2 + 2. Let w(i) = u*l(i) + 2*d(i). Give w(4).
6
Let t be (4/12)/(1/(-3)) + -7. Let m(a) = a**2 + 6*a + 6. What is m(t)?
22
Let c(r) = r**2 + 24*r - 11 + 3 - 26*r. Give c(5).
7
Suppose 0*m - 4*m - 18 = -2*o, -26 = o + 5*m. Let x(i) = 2*i + 1. Let s(c) = -c**2 + 5*c + 2. Let q(y) = -2*s(y) + 5*x(y). Calculate q(o).
3
Let z(x) = x**2 - 3*x. Let i be z(4). Let k(a) be the first derivative of -a**2 + 1/3*a**3 + 4*a - 35. Determine k(i).
12
Let s(k) be the second derivative of k**5/20 + k**4 - 2*k**3 + 6*k**2 - 138*k. Determine s(-13).
-1
Let c(y) = y**2 - 21*y - 17. Let d(f) = -2*f**2 + 40*f + 34. Let p(h) = -7*c(h) - 4*d(h). Give p(14).
-3
Suppose 2*a = -5*c - 30, -4*c + 7*c + 4*a + 32 = 0. Let g(x) = x - 3. Give g(c).
-7
Let h(a) be the second derivative of a**6/120 - 2*a**5/15 - 3*a**4/8 - a**3/6 + 45*a**2/2 + 25*a. Let g(w) be the first derivative of h(w). Calculate g(9).
-1
Let i = 54 + -51. Let w(f) be the second derivative of f**4/12 - f**3/6 - 3*f**2/2 + 42*f. Determine w(i).
3
Let q(r) = r**3 - 6*r**2 - 6*r - 9. Suppose -13 = -2*z + 7. Let u = -32 + z. Let n be u/(-55) + (-66)/(-10). Determine q(n).
-2
Suppose 0 = -3*n + 2 + 13. Suppose p + 4*v - 4 = 2*v, -n*p + 13 = 3*v. Let a(q) = p + q - 20 + 10 + 9. Calculate a(-5).
-4
Let j(f) = 6*f**2 - 3*f - 11. Let v(t) = 5*t**2 - 3*t - 10. Let c(y) = 4*j(y) - 5*v(y). Calculate c(5).
-4
Let c(h) = h**2 + 2*h - 5. Let m(u) = -u**3 - 11*u**2 + 13*u + 19. Let q be m(-12). Suppose 0 = 12*g - q*g + 20. Give c(g).
3
Let u be ((-4)/(-6)*-1)/((-8)/(-12)). Let t(m) = -m**3 - 2*m - 2. Determine t(u).
1
Let k = -204 - -209. Let m(o) = -o**3 + 5*o**2 - 4*o - 2. Calculate m(k).
-22
Let i(z) = -z**3 - 4*z**2 - 3*z. Suppose -3 = -5*c + 12. Let t be 1 + 0 + 5 + -1. Suppose 0 = t*q + 5, -5*k + 2*q = -c*q + 10. What is i(k)?
0
Let m(j) be the second derivative of 7*j**3/6 + 2*j**2 - 108*j + 2. Determine m(3).
25
Let x(f) be the first derivative of -f**2/2 + 6*f - 13. What is x(7)?
-1
Let z(q) = -q**2 - 7*q - 9. Let u(v) = 10*v + 44. Let r be u(-5). Calculate z(r).
-3
Let x(o) = 10*o + 0*o + 14 - 6*o - o + 0*o. What is x(-6)?
-4
Let p(c) = -4*c + 10. Let x(k) = -7. Let l(a) = 2*p(a) + 6*x(a). What is l(-4)?
10
Let j(l) = -l**3 - 5*l**2 - l - 4. Let d be j(-5). Let o be -1 + 2 + -2*d. Let w(q) = -q - 9. Let s(c) = 3*c + 58. Let m(r) = 2*s(r) + 13*w(r). Determine m(o).
6
Suppose 0 = 2*i - z - 3*z - 26, -4*i = 4*z + 8. Suppose -i*d - 5*l = 15, -4 = -3*d + 4*l + 8. Let a(g) = -g - 7. What is a(d)?
-7
Let n(y) = 32*y + 63. Let q(r) = 16*r + 36. Let j(i) = 4*n(i) - 7*q(i). Give j(3).
48
Let l(w) = -14*w - 2 - 1 + 15*w - 3. Let v(d) = 2*d - 11. Let q be (1 - 1) + 11 + -3. Let r be v(q). Calculate l(r).
-1
Let c(a) be the third derivative of -a**8/6720 + a**7/840 + a**6/240 - a**5/60 - a**4/4 - 13*a**2. Let u(l) be the second derivative of c(l). Give u(3).
7
Let c(l) be the first derivative of 2*l**2 - 3*l + 173. Let f be 10/(-4) + 3/(-6). Determine c(f).
-15
Let a = 28 + -25. Suppose g + 1 = a. Let f(w) = w**g - 2*w**2 + 2*w + w - 4*w. Give f(3).
-12
Let y(l) = -l + 7. Let s(f) = 8*f - 27. Let p(w) = -s(w) - 3*y(w). Give p(4).
-14
Let c(a) be the third derivative of a**5/30 + a**4/6 - a**3/3 - 584*a**2. Give c(1).
4
Let b(t) = -19*t - 23*t - 1 + 61*t - 20*t. What is b(5)?
-6
Let x(f) = f**3 - 17*f**2 + 16*f - 6. Suppose -2*g - 4*y = -48, 66*y - 84 = -5*g + 65*y. What is x(g)?
-6
Let d(t) = -t**2 - 15*t + 11. Let o be d(-13). Let x = -37 + o. Let l(k) = -k**2 - k - 3. What is l(x)?
-3
Let i(f) be the third derivative of -f**6/360 + f**5/20 + 4*f**3 + 17*f**2. Let q(b) be the first derivative of i(b). Determine q(7).
-7
Let l(f) = f**2 - 2*f - 1. Let y(d) = -15*d**3 + 3*d**2 - 7*d - 3. Let t(j) = -4*l(j) + y(j). Determine t(-1).
14
Let r(q) be the third derivative of -q**6/120 - q**5/20 + 5*q**4/24 - q**3/6 - q**2. Let x = 176 - 180. Determine r(x).
-5
Suppose 5 - 2 = t. Suppose 2*w - 10 = 0, 4*g - g + w = -22. Let x be -5 + 3 - g/t. Let r(v) = -4*v**2 + 2*v - 1. What is r(x)?
-3
Let a = -1 - 6. Let i(m) = -7*m**3 - 11*m**2 - 14*m - 3. Let c(r) = -4*r**3 - 5*r**2 - 7*r - 3. Let h(s) = 5*c(s) - 3*i(s). Calculate h(a).
-6
Let q(j) be the second derivative of 19*j**5/120 + 20*j**3/3 + 51*j. Let x(d) be the second derivative of q(d). Determine x(-1).
-19
Let o(r) = -r**2 - 7*r - 9. Suppose 2*d - 3*l - 18 = 0, -d = 4*l - 3*l + 1. Let z(t) = -t - 1. Let s(k) = d*z(k) - o(k). Give s(-4).
6
Let h = -32 + 30. Suppose -5*x + 5 + 5 = 0. Let d(b) = 2*b**3 + 2*b + 0 + 2*b**2 - 1 + x*b - 5*b. What is d(h)?
-7
Suppose -177 = -0*m - 3*m + 5*s, m - 52 = 4*s. Let z = m + -72. Let f(y) = -2*y - 1. Calculate f(z).
15
Let n be ((-24)/(-9))/(-4)*9. Let t be 10*(-3)/n*2. Let s(p) = 29*p - 15*p - t*p**2 - 13*p. Calculate s(1).
-9
Suppose 1 + 11 = 4*q. Suppose 4*a - 5 = q*a. Let t(l) = -12*l**2 - 14*l**2 - 4*l - 15*l**2 - 5 + 42*l**2. What is t(a)?
0
Suppose -2*g + 1 = -n, 2*n + n - 5*g + 3 = 0. Let y(c) = c + 4. Let t(a) = a + 5. Let s(q) = 4*t(q) - 5*y(q). Determine s(n).
1
Suppose -l + 20 = 3*l. Let a(f) be the first derivative of f**5/20 - f**4/3 - f**3 + f**2 - 4*f + 4. Let k(j) be the first derivative of a(j). What is k(l)?
-3
Let z(n) = -409 - 426 + 809 - 5*n. Give z(-7).
9
Let z(w) = 13*w**2 + 10*w**2 - 24*w**2 - 8*w + 13. Calculate z(-10).
-7
Let x(d) = d - 7 + 2*d - 2*d**3 + d**3 - 4*d**2. Let z(b) = -b**3 + 2*b**2 - 4*b + 3. Let w(o) = 3*o + 17. Let v be w(-5). Let c be z(v). Calculate x(c).
3
Let w(a) be the third derivative of a**5/60 - 2*a**4/3 + 5*a**3/2 + 76*a**2 + 4*a. Give w(15).
0
Let o = 9 - 10. Let j(g) be the second derivative of -g**7/420 + g**5/60 + g**4/24 - g**3 - 5*g. Let l(x) be the second derivative of j(x). What is l(o)?
1
Let n(a) = a**2 - a + 6. Let c be (-6)/(-27) + 1*(-8)/36. Calculate n(c).
6
Suppose -11 = -5*t + 3*k, 0 = -2*t + k - 1 + 6. Let x(n) = 0*n**3 + 0*n - 2*n - 2 - 3*n**2 - n**3 + 2*n**3. What is x(t)?
6
Let l = 52 + -54. Let t(a) = -5*a - 1. Let f(y) = -14*y - 4. Let z(m) = l*f(m) + 7*t(m). What is z(1)?
-6
Let r = -9 + 6. Let z = 2 - r. Suppose -15 = z*k + 10. Let l(t) = t**3 + 4*t**2 - 4*t - 1. Give l(k).
-6
Let k(g) = -g**3 - 10*g**2 - 10*g + 5. Let a be (((-2)/6)/((-3)/(-81)))/1. Calculate k(a).
14
Let t(b) = 2 + 30*b - 24*b - 12*b - 1. Give t(3).
-17
Let g(k) be the second derivative of k**3 + 0*k**4 + 0*k**2 - 1/30*k**5 + 0 - 1/180*k**6 + 4*k. Let f(y) be the second derivative of g(y). Calculate f(-3).
-6
Let z = 24 + -26. Let m(v) be the first derivative of -2*v**3/3 + v**2 - v - 9. Determine m(z).
-13
Let t(q) be the first derivative of q**4/4 + q**3/3 - 2*q**2 - 2*q - 58. Determine t(-4).
-34
Let z(r) = -r**3 - r. Let j(p) = 4*p**3 - 6*p**2 + p + 12. Let t(l) = j(l) + 5*z(l). Calculate t(-5).
7
Let f(y) = -2*y + 7. Let b(v) = -v**2 - 6*v + 3. Let h be b(-5). Suppose -16 = -4*n - 4. Suppose -h = -k - n. What is f(k)?
-3
Suppose 0*p = 3*p - 45. Suppose -5*s + 0*s - p = 0. Let c(u) be the first derivative of -u**2/2 - 2*u + 69. Calculate c(s).
1
Let f(k) = 11*k. Let l(w) = -w + 16. Let z be l(10). Let x be (-1 - (-3)/z)*-6. Let y(m) = -4*m. Let v(h) = x*f(h) + 8*y(h). What is v(-4)?
-4
Let p(r) = -9*r**2 + 9*r + 6. Let l(u) = -2*u**2 - 1. Let s(a) = -4*l(a) + p(a). Determine s(12).
-26
Suppose 5*u = 5*i - 325, 0 = u + 4*i - i + 57. Let q be ((-18)/u)/(2/14). Let z(p) = -2*p**2 + 3*p. What is z(q)?
-2
Let d(k) = -13*k + 133 + 133 + 135 - 399. Give d(-1).
15
Suppose 3*o - 3*f = 0, -4*o = 4*f + 20 + 12. Let t = o - -1. Let u(k) = -k**2 + 10*k + 1. Let j(s) = 5*s + 1. Let a(p) = 5*j(p) - 2*u(p). What is a(t)?
6
Let b be ((-75)/(-2))/(2*(-4)/(-16)). Let h = -71 + b. Let a(g) = 3*g**2 - 5*g - 3. Calculate a(h).
25
Let v(d) = -d**2 + 4*d - 2. Suppose 10*j - 6*j + 44 = 0. Let u = 15 + j. Suppose 25 = 5*c, -u*m + 2*c = -2*m + 2. What is v(m)?
-2
Let r = 85 + -84. Let b(k) = 5*k**2 + k - 5. Let i(o) = -1 + 3 - 3. Let s(a) = b(a) - 4*i(a). Give s(r).
5
Suppose -2*x = 3*t - 5*t + 8, 2*t - 11 = 3*x. Let w(a) = a**2 + 2*a - 3. What is w(x)?
0
Let t = -35 - -37. Let u(z) = 7 - 2*z**3 - 18 + 2*z**2 + 13 - 2*z**2. Give u(t).
-14
Let x(v) = -5*v**2 - 26*v - 11. Suppose 5192*d = 5184*d - 40. Determine x(d).
-6
Let p = -